e factors of 22935?
3, 5, 11, 139
What are the prime factors of 1987?
1987
List the prime factors of 27201.
3, 9067
What are the prime factors of 2480?
2, 5, 31
List the prime factors of 5548.
2, 19, 73
What are the prime factors of 45139?
45139
List the prime factors of 1547.
7, 13, 17
What are the prime factors of 52380?
2, 3, 5, 97
What are the prime factors of 1005?
3, 5, 67
List the prime factors of 2315.
5, 463
List the prime factors of 18730.
2, 5, 1873
What are the prime factors of 1252?
2, 313
What are the prime factors of 59073?
3, 7, 29, 97
List the prime factors of 60745.
5, 12149
List the prime factors of 58792.
2, 7349
What are the prime factors of 17905?
5, 3581
What are the prime factors of 80677?
80677
List the prime factors of 36222.
2, 3, 6037
List the prime factors of 2756.
2, 13, 53
What are the prime factors of 8917?
37, 241
List the prime factors of 5898.
2, 3, 983
What are the prime factors of 7915?
5, 1583
What are the prime factors of 46905?
3, 5, 53, 59
What are the prime factors of 83?
83
What are the prime factors of 21118?
2, 10559
List the prime factors of 666.
2, 3, 37
What are the prime factors of 3974?
2, 1987
What are the prime factors of 4879?
7, 17, 41
List the prime factors of 92840.
2, 5, 11, 211
What are the prime factors of 748?
2, 11, 17
What are the prime factors of 14318?
2, 7159
What are the prime factors of 11067?
3, 7, 17, 31
What are the prime factors of 630?
2, 3, 5, 7
What are the prime factors of 5607?
3, 7, 89
What are the prime factors of 20595?
3, 5, 1373
List the prime factors of 1556.
2, 389
What are the prime factors of 9390?
2, 3, 5, 313
List the prime factors of 15778.
2, 7, 23
List the prime factors of 4401.
3, 163
List the prime factors of 997.
997
List the prime factors of 1786.
2, 19, 47
List the prime factors of 701.
701
List the prime factors of 32731.
71, 461
What are the prime factors of 1690?
2, 5, 13
List the prime factors of 2643.
3, 881
What are the prime factors of 839?
839
List the prime factors of 3591.
3, 7, 19
List the prime factors of 10966.
2, 5483
List the prime factors of 5334.
2, 3, 7, 127
List the prime factors of 281.
281
List the prime factors of 3974.
2, 1987
What are the prime factors of 408?
2, 3, 17
List the prime factors of 2087.
2087
What are the prime factors of 247?
13, 19
List the prime factors of 6606.
2, 3, 367
List the prime factors of 4822.
2, 2411
What are the prime factors of 785?
5, 157
List the prime factors of 5022.
2, 3, 31
What are the prime factors of 5131?
7, 733
List the prime factors of 1630.
2, 5, 163
What are the prime factors of 2745?
3, 5, 61
What are the prime factors of 859?
859
What are the prime factors of 3580?
2, 5, 179
What are the prime factors of 56927?
13, 29, 151
What are the prime factors of 16880?
2, 5, 211
What are the prime factors of 13?
13
What are the prime factors of 25158?
2, 3, 7, 599
List the prime factors of 655.
5, 131
List the prime factors of 1200.
2, 3, 5
What are the prime factors of 2860?
2, 5, 11, 13
List the prime factors of 163.
163
What are the prime factors of 380?
2, 5, 19
List the prime factors of 1754.
2, 877
What are the prime factors of 1431?
3, 53
What are the prime factors of 1567?
1567
List the prime factors of 1090.
2, 5, 109
List the prime factors of 14305.
5, 2861
What are the prime factors of 2820?
2, 3, 5, 47
What are the prime factors of 59409?
3, 7, 23, 41
List the prime factors of 661.
661
List the prime factors of 176882.
2, 59, 1499
What are the prime factors of 210?
2, 3, 5, 7
What are the prime factors of 3275?
5, 131
List the prime factors of 2848.
2, 89
What are the prime factors of 1526?
2, 7, 109
What are the prime factors of 204?
2, 3, 17
What are the prime factors of 778?
2, 389
What are the prime factors of 55980?
2, 3, 5, 311
List the prime factors of 4709.
17, 277
What are the prime factors of 509?
509
What are the prime factors of 1528?
2, 191
List the prime factors of 4727.
29, 163
List the prime factors of 19371.
3, 11, 587
What are the prime factors of 10375?
5, 83
List the prime factors of 1789.
1789
What are the prime factors of 10080?
2, 3, 5, 7
What are the prime factors of 760?
2, 5, 19
What are the prime factors of 395?
5, 79
List the prime factors of 86445.
3, 5, 17, 113
List the prime factors of 14217.
3, 7, 677
What are the prime factors of 4357?
4357
What are the prime factors of 12310?
2, 5, 1231
What are the prime factors of 453?
3, 151
What are the prime factors of 8217?
3, 11, 83
List the prime factors of 420.
2, 3, 5, 7
List the prime factors of 25.
5
List the prime factors of 49608.
2, 3, 13, 53
What are the prime factors of 38889?
3, 29, 149
What are the prime factors of 614?
2, 307
What are the prime factors of 12253?
12253
What are the prime factors of 13158?
2, 3, 17, 43
What are the prime factors of 4231?
4231
What are the prime factors of 2482?
2, 17, 73
List the prime factors of 45223.
41, 1103
What are the prime factors of 115528?
2, 7, 2063
What are the prime factors of 24805?
5, 11, 41
List the prime factors of 134228.
2, 23, 1459
What are the prime factors of 14206?
2, 7103
What are the prime factors of 1120?
2, 5, 7
What are the prime factors of 8092?
2, 7, 17
List the prime factors of 2538.
2, 3, 47
List the prime factors of 39758.
2, 103, 193
What are the prime factors of 108?
2, 3
List the prime factors of 8406.
2, 3, 467
What are the prime factors of 5449?
5449
What are the prime factors of 6402?
2, 3, 11, 97
List the prime factors of 17426.
2, 8713
List the prime factors of 1113.
3, 7, 53
What are the prime factors of 116949?
3, 7, 5569
List the prime factors of 247.
13, 19
What are the prime factors of 27039?
3, 9013
What are the prime factors of 17529?
3, 5843
What are the prime factors of 5752?
2, 719
What are the prime factors of 21188?
2, 5297
What are the prime factors of 68615?
5, 13723
What are the prime factors of 482?
2, 241
List the prime factors of 1129.
1129
List the prime factors of 8010.
2, 3, 5, 89
What are the prime factors of 11550?
2, 3, 5, 7, 11
List the prime factors of 543.
3, 181
What are the prime factors of 84?
2, 3, 7
What are the prime factors of 3888?
2, 3
What are the prime factors of 61851?
3, 53, 389
List the prime factors of 3459.
3, 1153
What are the prime factors of 844?
2, 211
List the prime factors of 1921.
17, 113
List the prime factors of 8409.
3, 2803
What are the prime factors of 9262?
2, 11, 421
What are the prime factors of 7220?
2, 5, 19
What are the prime factors of 6222?
2, 3, 17, 61
List the prime factors of 15851.
11, 131
What are the prime factors of 22674?
2, 3, 3779
List the prime factors of 33522.
2, 3, 37, 151
List the prime factors of 5595.
3, 5, 373
What are the prime factors of 39854?
2, 19927
What are the prime factors of 122?
2, 61
What are the prime factors of 2834?
2, 13, 109
List the prime factors of 2730.
2, 3, 5, 7, 13
What are the prime factors of 4949?
7, 101
What are the prime factors of 1345?
5, 269
List the prime factors of 1529.
11, 139
List the prime factors of 1182.
2, 3, 197
What are the prime factors of 37449?
3, 19, 73
List the prime factors of 553.
7, 79
What are the prime factors of 5034?
2, 3, 839
What are the prime factors of 55692?
2, 3, 7, 13, 17
List the prime factors of 92.
2, 23
List the prime factors of 708.
2, 3, 59
What are the prime factors of 677?
677
List the prime factors of 14461.
14461
What are the prime factors of 21756?
2, 3, 7, 37
What are the prime factors of 1972?
2, 17, 29
What are the prime factors of 9658?
2, 11, 439
What are the prime factors of 1272?
2, 3, 53
What are the prime factors of 157138?
2, 78569
List the prime factors of 1263.
3, 421
List the prime factors of 12468.
2, 3, 1039
List the prime factors of 24981.
3, 11, 757
List the prime factors of 7521.
3, 23, 109
List the prime factors of 26419.
29, 911
List the prime factors of 73804.
2, 18451
What are the prime factors of 4045?
5, 809
List the prime factors of 1736.
2, 7, 31
What are the prime factors of 709?
709
What are the prime factors of 6331?
13, 487
List the prime factors of 77.
7, 11
List the prime factors of 2225.
5, 89
List the prime factors of 24059.
7, 491
What are the prime factors of 6133?
6133
What are the prime factors of 1803?
3, 601
What are the prime f